75/1645 - 4). Let h = -198 + z. List the prime factors of h.
131
Suppose 4485 = 7*d - 2*d. List the prime factors of d.
3, 13, 23
Suppose 18 = 2*l + 3*z, 3*l = 2*l + 2*z - 5. Let x be (1/l)/(13/4641). Suppose -4*k + 165 = -x. What are the prime factors of k?
71
Suppose 19 = a - 36. Let u = -127 - -227. Let v = u - a. What are the prime factors of v?
3, 5
Let x(p) be the second derivative of p**6/180 - p**5/10 + p**4/2 + 7*p**3/6 + 8*p. Let n(l) be the second derivative of x(l). List the prime factors of n(8).
2, 11
Suppose 4*p = 2*p + 86. Let r = 94 - p. What are the prime factors of r?
3, 17
Let a(d) = 62*d**2 + 7*d + 5. List the prime factors of a(-4).
3, 17, 19
Let v(c) = c - 10. Let n be v(14). Suppose 3*z + 0*z = 2*t - 6, -5*t = -n*z - 8. Suppose 5*k - 49 - 46 = t. What are the prime factors of k?
19
Let g = 569 + -447. What are the prime factors of g?
2, 61
What are the prime factors of (-2 + (-10)/(-7))/((-20)/70630)?
2, 1009
Let n(i) = i**3 - 4*i**2 - i - 1. Let x be n(4). Let u(k) = 4*k**2 - 5 + 16*k - 13*k - 3*k**2. What are the prime factors of u(x)?
5
Suppose 3 + 2 = -5*n. Let b be ((-18)/(-45))/(n/(-10)). Suppose 0 = b*f, 13 = 3*i - f - 14. What are the prime factors of i?
3
List the prime factors of ((-105)/30)/((-4)/168).
3, 7
Suppose -2645 = 562*r - 563*r. What are the prime factors of r?
5, 23
Let z(n) be the first derivative of 38*n**3/3 - 5*n**2/2 + 4*n + 27. What are the prime factors of z(2)?
2, 73
List the prime factors of (-5*(-1)/15 + 5)*69.
2, 23
Suppose 4*o + 5*l - 40 = 0, 2*o + 0 = l + 6. Suppose v + 2*a - 22 = 0, o*a - 91 = -v - 3*v. Suppose -m = -3*m + v. What are the prime factors of m?
2, 3
Let s(d) = -d**3 + 7*d**2 - 3*d + 12. Let a = -25 + 30. What are the prime factors of s(a)?
47
Let n(c) be the second derivative of c**4/12 + 5*c**3/3 + 11*c**2/2 + 11*c. What are the prime factors of n(-17)?
2, 5, 13
Let p = 30 - 15. What are the prime factors of (-68)/(-5) + p/(-25)?
13
Suppose 0 = 3*o - 2*o - 7. Let s(z) = -o*z - 1 + 11*z + 10*z. List the prime factors of s(1).
13
Let s = -12 + 11. Let k(b) = -7*b + 1. Let p be k(s). Suppose 3*l + o = -0*o + 10, 2*l + 2*o - p = 0. What are the prime factors of l?
3
Let c(y) = 76*y + 308. List the prime factors of c(21).
2, 7, 17
Let k(x) = -188*x - 79. List the prime factors of k(-13).
5, 11, 43
Let k(q) be the third derivative of -q**6/120 + 3*q**5/20 + q**4/6 + 2*q**3/3 - 7*q**2. Let d be k(9). What are the prime factors of -1 - (1 - (d + 0))?
2, 19
Let h(l) be the third derivative of -l**4/6 - l**3/2 + 2*l**2. Let c be h(-7). Suppose -n - 1 + c = 0. List the prime factors of n.
2, 3
Let c(h) = h**3 - 7 + 4 + 3*h**2 + 0*h**2. Let s be c(-3). List the prime factors of 99/3 + 1 + s.
31
Suppose 2*n - n - 6 = 0. Let m = n + -18. Let i = 21 + m. What are the prime factors of i?
3
Let b = 90 + 4. Suppose p + p - b = -2*v, -153 = -4*p + 3*v. List the prime factors of p.
2, 3, 7
Suppose 3*m + 2*s - 1805 = -3*s, -3*m + 1850 = -4*s. What are the prime factors of m?
2, 5, 61
Suppose -434 - 62 = 4*x. Let v = -58 - x. List the prime factors of v.
2, 3, 11
Let n(p) = -3125*p**3 - 2*p**2 - 5*p - 5. List the prime factors of n(-1).
3, 347
Let s = 3 + -4. Let i = -7 + 12. Let t = i + s. List the prime factors of t.
2
Let k = 2299 - 1580. What are the prime factors of k?
719
Let z(k) = -k + 3. Let r be z(3). Let x = 3 - r. Suppose 2*s = -x*d + 65, d + s - 15 = 8. List the prime factors of d.
19
What are the prime factors of (-668)/14*7/(-1)?
2, 167
Let r = 23 - 21. Suppose 0 = -3*t - r*s + 73, t = -t + 3*s + 53. List the prime factors of t.
5
Let p be 4/(-16) - (-13)/4. Let x(l) = l**3 - 3*l**2. Let t be x(p). Suppose 2*i - 5*z - 1 + t = 0, -i = -3*z. List the prime factors of i.
3
Let s = -99 - -171. Let o = 170 - s. List the prime factors of o.
2, 7
Suppose k + 100 = 31. Let q = k + 42. List the prime factors of (-654)/q + (-6)/27.
2, 3
Let k be 5/5 - (-10)/2. Suppose k*v = -87 + 393. What are the prime factors of v?
3, 17
Suppose 0 = -2*q + q, -5*x + 2*q + 780 = 0. Suppose 0 = -15*y + 19*y - x. What are the prime factors of y?
3, 13
Suppose -5*g + 2 = -4*g. Suppose s = -5*y + 81, 5*s - 35 - g = -2*y. List the prime factors of y.
2
Let y = 428 - -4242. What are the prime factors of y?
2, 5, 467
Suppose -4*g - 3*n + 36 = 0, 3*n = -0*n + 12. Suppose 3*c - 15 = 2*b, 0 = 3*b - g*b. Suppose -17 - 53 = -c*q. What are the prime factors of q?
2, 7
Let x be ((-16)/(-6) + -3)*0. Suppose x = 3*g - 8*g + 365. What are the prime factors of g?
73
What are the prime factors of 10/(-95) + 57006/57?
2, 5
Suppose -4*p + 1856 - 1236 = 0. List the prime factors of p.
5, 31
What are the prime factors of (-274)/(2 + 56/(-21))?
3, 137
Let z = -2022 - -2092. What are the prime factors of z?
2, 5, 7
Suppose -5*d - 24 = 6. Let u(s) = -s**3 - 4*s**2 - 7*s - 1. List the prime factors of u(d).
113
Suppose 0 = 5*h - 6*h. Let k be h*(-4)/(-12) + 30. Let z = 79 - k. What are the prime factors of z?
7
Let v(o) = o**3 + 5*o**2 + 1. Let s = -21 + 29. Let r be s/12 - 56/12. List the prime factors of v(r).
17
Suppose -15 = -4*s + 41. Let m = s - 17. Let r(q) = -q - 1. What are the prime factors of r(m)?
2
Let d = 6 - 0. Suppose 0*b + 6 = -d*b. Let f = 46 - b. What are the prime factors of f?
47
Let q be (-6)/24 + 33/4. Let w = -5 + q. Suppose w*j + 9 = 4*i, -2*i - 2*j + 11 = i. What are the prime factors of i?
3
Suppose 48 = -8*m + 10976. List the prime factors of m.
2, 683
Let t(f) be the second derivative of f**4/4 + 2*f**3/3 - 5*f**2/2 - 91*f. Let r be (9/(-6))/((-3)/(-8)). What are the prime factors of t(r)?
3
Let u(m) be the first derivative of -m**3/3 - 2*m**2 + 4*m + 6. Let r be u(-4). What are the prime factors of 1*4/4*r?
2
Suppose -3*u = -6 - 0. Suppose 2*n = -4*a - 2 - 2, u*n - 5*a = 23. Let m(d) = d**3 - 2*d**2 - 6*d + 2. What are the prime factors of m(n)?
2, 5
Suppose -20 = d + 4*d, -3*p + 944 = d. What are the prime factors of p?
2, 79
Suppose -12*q = 3 - 3. Suppose -2*i + 3*c + 288 = q, -3*c = 3*i - 300 - 162. List the prime factors of i.
2, 3, 5
Let b(v) = -v**3 + 18*v**2 - 44*v - 19. Let u be b(15). List the prime factors of (185 - (7 + u)) + 2 + 2.
2, 3, 31
Let c be 1/(-2)*(-44 - -34). Let v(b) = 24*b + 5. What are the prime factors of v(c)?
5
Let p = -33 - -35. Suppose 4*v = -4*s + 196, 0 = -s + p*s - 3*v - 41. What are the prime factors of s?
47
Suppose -10 = -4*d + 14. Let a = -14 + 20. List the prime factors of ((-8)/a)/((-2)/d).
2
Suppose -24864 + 4248 = -24*y. List the prime factors of y.
859
Let c(i) be the first derivative of i**3/3 - 9*i**2/2 - 9*i + 2. List the prime factors of c(13).
43
Let k = 2 + 3. List the prime factors of 719/k + 105/25 + -4.
2, 3
Let x(z) = 6 + 13*z**2 + 4 - 35 + 7*z + z**3. What are the prime factors of x(-12)?
5, 7
Suppose -4*q - 21*y + 2661 = -24*y, 3*q = -y + 1986. What are the prime factors of q?
3, 13, 17
Let r = -51 - 1. Let q(m) = -2*m**3 - 2*m**2 + 4*m - 3. Let l be q(2). Let g = l - r. What are the prime factors of g?
3, 11
Let r(g) = -g**3 - 10*g**2 + 12*g + 13. Let i be r(-11). Suppose j + 4 = n, i*n + 4 = 2*j - 6*j. List the prime factors of (0 - n)/((-4)/24).
2, 3
Let f = 38 - 35. Let q = 6 - f. What are the prime factors of ((-4)/q)/((-4)/30)?
2, 5
Let n(u) = 87*u**2 - 182*u. List the prime factors of n(5).
5, 11, 23
Let g = 36 + -19. Let m(k) be the second derivative of k**4/12 - 5*k**3/2 - 15*k**2/2 - k - 2. What are the prime factors of m(g)?
19
Suppose -24*d - 150 = -34*d. List the prime factors of d.
3, 5
Let i(g) = 6*g**3 - 3*g**2 + 25*g + 1. Let k(z) = -3*z**3 + 2*z**2 - 12*z - 1. Let y(q) = -4*i(q) - 9*k(q). List the prime factors of y(4).
7, 19
Let k(d) = d**2 + 2*d + 14. Let q be 5 + 1 + -1 + 0. What are the prime factors of k(q)?
7
Suppose o - 178 = -3. What are the prime factors of o?
5, 7
What are the prime factors of (7/(105/6))/(6/2070)?
2, 3, 23
Let f(c) = -c**3 - 3*c**2 + 4*c + 3. Let a be f(-4). Let i = 0 - a. Let q = 1 - i. List the prime factors of q.
2
Suppose -5*m = 46 - 6. Let a be ((-27)/6)/(6/m). Let t = 14 - a. List the prime factors of t.
2
Let k(a) = 5*a**2 + 15*a + 7. List the prime factors of k(-3).
7
Let s = 24 - 27. Let l be (-27)/1*(-5 - s). Suppose 0 = 4*p - y - 0*y - l, -3*y = -5*p + 64. List the prime factors of p.
2